 common factor of 3240 and 23880?
120
What is the highest common divisor of 30 and 23565?
15
Calculate the highest common divisor of 10959907 and 553.
553
What is the highest common factor of 126 and 344120?
14
What is the greatest common factor of 198843 and 1501?
79
Calculate the greatest common divisor of 904042 and 2.
2
What is the greatest common divisor of 87 and 1125867?
87
What is the greatest common divisor of 864 and 503712?
864
What is the highest common factor of 356902 and 148?
74
Calculate the highest common divisor of 34 and 343451.
17
What is the highest common divisor of 17 and 323017?
17
What is the highest common divisor of 18076500 and 1625?
1625
What is the greatest common factor of 34568 and 1624?
232
What is the highest common divisor of 189849 and 737?
11
Calculate the greatest common divisor of 249 and 160439.
83
Calculate the highest common divisor of 43835 and 407.
11
Calculate the greatest common factor of 25 and 2045.
5
Calculate the greatest common factor of 865 and 406723.
173
Calculate the highest common divisor of 66367 and 24073.
133
What is the greatest common divisor of 265295 and 5?
5
What is the greatest common factor of 247 and 156503?
19
What is the highest common divisor of 44012 and 8?
4
Calculate the highest common divisor of 203725 and 96945.
1405
Calculate the greatest common factor of 167478 and 19776.
618
What is the greatest common divisor of 556 and 32665?
139
What is the highest common factor of 2000 and 1733800?
200
What is the greatest common divisor of 951 and 207952?
317
What is the greatest common factor of 36 and 682512?
12
Calculate the highest common divisor of 1356 and 8196.
12
Calculate the greatest common factor of 7024 and 176.
16
What is the highest common divisor of 2892 and 108?
12
Calculate the greatest common factor of 46 and 5359.
23
Calculate the greatest common divisor of 6928560 and 36.
36
What is the greatest common factor of 4692 and 165104?
68
Calculate the greatest common factor of 4128 and 84848.
16
Calculate the greatest common divisor of 920 and 4876.
92
What is the greatest common factor of 2989 and 122671?
61
What is the highest common factor of 1713 and 474?
3
Calculate the greatest common divisor of 675961 and 187.
11
Calculate the highest common factor of 44 and 1892.
44
What is the greatest common divisor of 1364 and 267902?
62
What is the highest common divisor of 2625540 and 180?
60
Calculate the greatest common divisor of 456 and 53637.
57
Calculate the greatest common divisor of 60193 and 35.
7
Calculate the greatest common divisor of 58086 and 5733.
63
What is the greatest common divisor of 4845 and 160854?
969
What is the highest common factor of 8917 and 12173?
37
Calculate the highest common factor of 220603 and 58.
29
What is the greatest common divisor of 962304 and 384?
384
Calculate the greatest common divisor of 9364203 and 894.
447
What is the highest common factor of 15931 and 2848?
89
Calculate the greatest common factor of 311 and 85525.
311
What is the highest common factor of 18312 and 12099?
327
Calculate the highest common factor of 3204 and 1449.
9
Calculate the highest common factor of 11284 and 832.
52
Calculate the greatest common factor of 89 and 880655.
89
What is the highest common factor of 9 and 1546263?
9
Calculate the highest common factor of 9252 and 144.
36
Calculate the greatest common factor of 49521 and 3009.
51
Calculate the greatest common factor of 2680 and 3590.
10
What is the greatest common factor of 299 and 456573?
299
Calculate the greatest common factor of 160237 and 77.
77
Calculate the greatest common factor of 3208312 and 8.
8
Calculate the highest common factor of 59164 and 518.
14
What is the greatest common factor of 145600 and 29848?
728
Calculate the highest common factor of 624 and 22074.
78
What is the highest common divisor of 329015 and 575?
115
Calculate the greatest common divisor of 9554 and 2482.
34
Calculate the greatest common factor of 387 and 29541.
129
What is the highest common divisor of 45 and 20005?
5
What is the greatest common factor of 95 and 1950673?
19
What is the highest common divisor of 610 and 181414?
122
What is the highest common factor of 82 and 488?
2
What is the highest common factor of 13847 and 454?
227
What is the greatest common divisor of 7524 and 186048?
684
What is the highest common divisor of 9525663 and 63?
63
Calculate the highest common divisor of 35 and 4121950.
35
What is the highest common divisor of 310 and 413354?
62
Calculate the highest common factor of 1364 and 7843.
341
What is the greatest common divisor of 1658670 and 78?
78
Calculate the highest common factor of 10550 and 18146.
422
What is the greatest common divisor of 1125 and 40875?
375
What is the highest common factor of 2195 and 20?
5
What is the greatest common divisor of 286000 and 46640?
880
Calculate the highest common factor of 684 and 986556.
228
What is the greatest common divisor of 93303 and 1071?
63
Calculate the highest common divisor of 8970 and 920.
230
What is the highest common divisor of 528 and 2409?
33
What is the greatest common divisor of 92 and 26450?
46
What is the greatest common factor of 12849 and 9?
3
Calculate the greatest common divisor of 15165 and 360.
45
Calculate the greatest common factor of 196183 and 13.
13
Calculate the highest common divisor of 20 and 2615.
5
What is the greatest common factor of 16361 and 1?
1
Calculate the highest common divisor of 318 and 258.
6
Calculate the greatest common factor of 278 and 13.
1
What is the highest common divisor of 1488 and 42114?
6
Calculate the greatest common factor of 18816 and 686.
98
What is the highest common factor of 7648 and 80?
16
Calculate the highest common factor of 1931785 and 1490.
745
What is the greatest common factor of 4920977 and 331?
331
What is the highest common divisor of 11712 and 31476?
732
What is the greatest common divisor of 16 and 7492?
4
What is the highest common factor of 76002 and 212?
106
Calculate the highest common factor of 475 and 83125.
475
What is the greatest common factor of 31310 and 70?
10
What is the greatest common divisor of 195375 and 1042?
521
Calculate the greatest common factor of 29 and 8047877.
29
What is the highest common factor of 48980 and 5?
5
Calculate the highest common divisor of 512 and 6112.
32
What is the greatest common divisor of 1569863 and 2012?
503
What is the greatest common factor of 135 and 56535?
15
Calculate the greatest common divisor of 19140 and 116.
116
What is the greatest common factor of 4988990 and 170?
170
What is the highest common factor of 95050 and 150?
50
Calculate the greatest common divisor of 1080 and 167670.
270
Calculate the highest common divisor of 3083977 and 793.
793
What is the greatest common divisor of 2142 and 3654?
126
What is the greatest common factor of 4303 and 1768?
13
Calculate the highest common divisor of 17406345 and 33.
33
What is the greatest common divisor of 690 and 6450?
30
What is the highest common divisor of 16812 and 24?
12
What is the greatest common divisor of 3731 and 437101?
287
Calculate the highest common factor of 1 and 28921.
1
What is the highest common divisor of 18 and 122?
2
Calculate the greatest common divisor of 416 and 10240.
32
What is the greatest common divisor of 743 and 3307836?
743
What is the greatest common divisor of 15510 and 363?
33
What is the greatest common divisor of 1015 and 8785?
35
Calculate the highest common divisor of 103782 and 3.
3
What is the highest common factor of 1225639 and 2126?
1063
What is the greatest common factor of 1311 and 44643?
69
Calculate the highest common divisor of 19 and 425885.
19
What is the highest common factor of 66063 and 19?
19
Calculate the highest common divisor of 120 and 465420.
60
What is the highest common divisor of 322467 and 141?
141
What is the greatest common factor of 264252 and 244?
244
Calculate the greatest common divisor of 106777 and 2992.
187
What is the greatest common factor of 1953 and 27125?
217
What is the highest common divisor of 17329 and 1247?
43
What is the greatest common factor of 44571 and 14691?
249
What is the highest common divisor of 15167 and 116?
29
What is the greatest common divisor of 1831